 0 = l - v - 9. Let p = 16 - l. What is the remainder when p is divided by 1?
0
Let o = 744 + -470. Let t = -268 + o. Calculate the remainder when 81 is divided by t.
3
Let l = -12641 + 12663. What is the remainder when 791 is divided by l?
21
Let k = 81 + -70. Suppose 0 = -36*s - 10*s + 966. What is the remainder when s is divided by k?
10
Calculate the remainder when 101 is divided by 11/((-1188)/8) - 24024/(-648).
27
Let w be (-1752)/9 + 76/(-12) + 6. Let i = w - -218. What is the remainder when i is divided by 7?
2
Let j = -1373 - -1443. Calculate the remainder when 137 is divided by j.
67
Suppose 2*o = 2*w + 1 - 5, -4*o = 3*w - 20. Suppose 7 = d + o*g, -d - 19 = -3*d + g. What is the remainder when 2 - (5 + 20/4) - -25 is divided by d?
8
Let d(u) = -14*u + 2. Let j be d(2). Let m(q) = q**3 - 4*q**2 - 9*q + 34. Let o be m(5). Calculate the remainder when ((-40)/o)/(j/364) is divided by 7.
5
What is the remainder when 3629 is divided by (-11)/4*3*304/(-114)?
21
Suppose -14*o + 324 - 30 = 0. Suppose 47 + 16 = o*z. Calculate the remainder when 3 is divided by z.
0
Suppose 0 = -2*u + 40 + 40. Suppose 0 = 3*v - 112 + u. Suppose 0 = 2*c - v + 14. What is the remainder when 22 is divided by c?
2
Let b = -35879 - -36080. Calculate the remainder when 570 is divided by b.
168
Let b = -39 - -20. Let a = 50 - b. What is the remainder when a is divided by 10?
9
Let f be (2639/52)/((-1)/(-4)). Let x = f - 150. Calculate the remainder when 315 is divided by x.
50
Suppose -2*t = -5 - 13. Calculate the remainder when 38 is divided by (t - 10)/((-5)/55).
5
Let p(n) = 10*n**3 + 10*n**2 - 35*n + 3. What is the remainder when p(4) is divided by 6?
3
Suppose 3*p - 18*p - 45 = 0. What is the remainder when 133 is divided by (272/48)/((-1)/p)?
14
Let l(x) = 21*x**2 - 313*x - 22. Suppose 3*m - 18 = 6*m. Let f = 18 + m. Calculate the remainder when f is divided by l(15).
4
Let u(w) = -3*w + 10. Let x be u(-5). Suppose 167 = 8*n - x. Let p = n - -18. Calculate the remainder when p is divided by 16.
10
Suppose -2*q + 387 = 2*w + 257, -361 = -5*w + q. Calculate the remainder when w is divided by (-1 - -1) + 0 - -24.
23
What is the remainder when 189 is divided by (-1854)/103 - 34/(-1)?
13
Suppose 0 = 5*j + h - 2, 2*j - 4 = -j - 2*h. Suppose j = 11*q - 110 - 143. What is the remainder when q is divided by 16?
7
Suppose -5*i + 0*i = -75. Let o = -242 - -466. Suppose -o = -2*x - 82. Calculate the remainder when x is divided by i.
11
Let b = 1064 + -735. What is the remainder when b is divided by 10?
9
Suppose -2*x - 2*x = -d - 266, x + 4*d - 58 = 0. Let w = x - 43. Let i(j) = -j**3 + 6*j**2 + 6*j + 21. What is the remainder when w is divided by i(7)?
9
Let q = 7408 - 7366. Calculate the remainder when 45 is divided by q.
3
Let x(j) = 2*j**3 - 16*j**2 + 26*j - 55. Let w be x(10). Let k = 644 - w. What is the remainder when k is divided by 12?
3
Let r(w) = -2*w**3 + 5*w**2 + 19*w + 7. Let j(b) = b**2 - 4*b + 1. Let u be j(4). What is the remainder when r(-3) is divided by u + (-1 + 0)*-25?
23
Let t(u) = -2*u**2 - 99*u - 168. What is the remainder when t(-34) is divided by 291?
13
What is the remainder when 81 is divided by 95/(66215/82) + -19*(-16)/17?
9
Let a = 9 + 7. Suppose 431*k + 355 + 114 = 498*k. Calculate the remainder when a is divided by k.
2
Suppose -5188 = -4*g - h, 174*g = 170*g + 2*h + 5188. What is the remainder when g is divided by 430?
7
Calculate the remainder when ((-48)/3 - -13)*(-386)/6 is divided by 11.
6
Suppose 0 = -65*f - 930 + 8405. What is the remainder when f is divided by (36/(-5))/((-3)/10)?
19
Suppose -30*h + 32*h = -20*h + 19910. Calculate the remainder when 1821 is divided by h.
11
Let v(y) = 11*y**2 - 2*y - 3. Let o be v(-1). Suppose -21 = -6*c + 3*c. What is the remainder when (o + -3)*2 - (8 + -7) is divided by c?
6
Let n = 262 - 222. Let z = 646 + -454. Calculate the remainder when z is divided by n.
32
Let w(h) = 9*h**2 + 128*h - 709. Calculate the remainder when w(6) is divided by 137.
109
Suppose 5472 = -101*l + 389*l. Calculate the remainder when 5623 is divided by l.
18
Suppose -m = 1, -m + 6*m - 23 = -2*g. Suppose -100*q - 5*d - 376 = -101*q, 6 = -2*d. Calculate the remainder when q is divided by g.
11
Let s(f) = -89*f - 2669. Calculate the remainder when s(-35) is divided by 123.
77
Let v = -52 + 74. Suppose -59*a - 55*a - 126 = -121*a. What is the remainder when v is divided by a?
4
Suppose -1380 = 3*i - 1608. What is the remainder when 306 is divided by i?
2
Let r(y) = y**2 - y - 13. What is the remainder when 546 is divided by r(-8)?
15
Let s(o) = -35*o + 2733. What is the remainder when 1207 is divided by s(61)?
11
Let g(i) = i**2 + 3*i + 5. Let c be g(0). Suppose 0 = 2*d - 10, c*z - 85 = z - 5*d. Calculate the remainder when 151 is divided by z/25 + 756/15.
49
Let r(y) = -y**2 - 21*y - 18. Let w be r(-18). Let x = w + 21. Let o = x - 50. What is the remainder when 31 is divided by o?
3
Let w(n) = 4*n - 42. Let x be w(7). Let d(j) = 2*j**2 + 6*j + 9. Let g be d(x). Suppose g = 7*y - 369. What is the remainder when y is divided by 26?
20
Suppose 47 + 0 = h. What is the remainder when (12/(-30))/(72/(-20)) - 41340/(-702) is divided by h?
12
Suppose 7 = -10*z - 3. Let v be (z - 3)/(-8) + 3/(-6). Suppose 2*y - 3*h - 80 = -v*y, -4*h = 16. Calculate the remainder when 201 is divided by y.
31
Let w = -732 + 732. Suppose -4*y + 121 = -x, w = 5*y - x - 38 - 113. What is the remainder when 208 is divided by y?
28
Let w(o) = 33*o - 1705. Calculate the remainder when 448 is divided by w(52).
8
Let t be 4/(-7) + (-156)/(-28). Suppose -3*z - 150 = -t*y, -z = 4*y + 18 - 155. What is the remainder when y is divided by 4?
1
What is the remainder when 2340 is divided by 9*2*129/86?
18
Suppose -5*s - q = -2*q - 389, 313 = 4*s + q. Calculate the remainder when 10 is divided by 6/(-9) + s/9.
2
Suppose -21*d - 895 = -3688. Suppose 5*n + d - 573 = 0. Calculate the remainder when n is divided by 24.
16
Calculate the remainder when 271 is divided by ((-2)/3)/(193/(-8106)).
19
Let d(a) = 4*a**2 - 2*a - 3. Let h be (15/27 - 8/36)*33. Suppose -4*z = -m + h, -4*z + z = -3*m - 3. What is the remainder when d(m) is divided by 22?
19
Suppose 3*g - 10 = -q + 30, -5*q = -4*g + 66. Let d(b) = -26*b - 156. Calculate the remainder when d(-7) is divided by g.
12
Let d(t) = 5*t - 30. Let u be d(17). Suppose 7*n - u = 2*n. What is the remainder when n is divided by 3/((-12)/(-8)) - -3?
1
Let u = 394 - 156. What is the remainder when (28 - 27)/(u/(-239) + 1) is divided by 61?
56
Let d be (6/10)/(50/63500). Suppose 37*a = 2716 + d. What is the remainder when a is divided by 27?
13
Suppose 2*v - 385 = -5*t, -t - 2*v + 80 - 3 = 0. Let p(n) = 461*n - 34. Let a be p(-6). What is the remainder when t is divided by ((-4)/10)/(70/a)?
13
Let s = -274 - -501. Let g = 254 - s. Suppose 3*h + 155 = 6*h + f, f = 4*h - 195. What is the remainder when h is divided by g?
23
Let v be 682*((-3 - -6) + -8 + 6). Suppose -17*g = 206 - v. What is the remainder when g is divided by 8?
4
Let j(t) = -t**2 - t + 25. Let h be j(0). Let i = 2 + h. Let w(f) = -10*f**2 - 241*f + 25. What is the remainder when w(-24) is divided by i?
22
Suppose -12*i + 8*i - 408 = -4*a, 3*a = -5*i + 274. What is the remainder when 116 is divided by a?
18
Let a = 298 + -121. Let v = a - 68. What is the remainder when v is divided by 14?
11
Calculate the remainder when 4301 is divided by (31 + -33)/(4/3)*-82.
119
Suppose -2*h + 16*h = -6328. Let r = h + 466. Calculate the remainder when 67 is divided by r.
11
Let q(p) = -328*p + 1342. Calculate the remainder when 169 is divided by q(4).
19
Let n(g) = -g**3 - 16*g**2 - 57*g + 20. Let u be (9/(27/(-2)))/(6/108). Calculate the remainder when n(u) is divided by 10.
8
Let u(w) = -19*w**3 + w + 1. Let g = -172351 + 172425. Calculate the remainder when g is divided by u(-1).
17
Let h = 17394 + -16619. Calculate the remainder when h is divided by 27.
19
Suppose 237 = 5*o + 3*y - 108, -o + 82 = -2*y. Suppose -4*f - f + 75 = 0. What is the remainder when o is divided by f?
12
Let o(h) = -753*h - 45. Let z be o(-3). What is the remainder when 108 is divided by ((-2)/(-6))/(18/z)?
26
Let s(a) = -5*a + 31. Let c be s(23). What is the remainder when 258 is divided by (-8)/2 